{"id":46,"date":"2020-04-15T11:05:48","date_gmt":"2020-04-15T09:05:48","guid":{"rendered":"http:\/\/athletisme-sua.fr\/?page_id=46"},"modified":"2023-11-29T21:31:21","modified_gmt":"2023-11-29T20:31:21","slug":"gallerie-photos-videos","status":"publish","type":"page","link":"https:\/\/athletisme-sua.fr\/?page_id=46","title":{"rendered":"Gallerie Photos\/Vid\u00e9os"},"content":{"rendered":"\n<figure class=\"wp-block-video\"><video controls src=\"https:\/\/athletisme-sua.fr\/wp-content\/uploads\/2023\/11\/VID-20231102-WA00041.mp4\"><\/video><\/figure>\n\n\n\n<h3 class=\"wp-block-heading\">Quelques photos d&rsquo;entra\u00eenements\/comp\u00e9titions<\/h3>\n\n\n\n<script type=\"text\/javascript\">\r\ndocument.addEventListener(\"DOMContentLoaded\", function(event) { \r\n\tjQuery( '#slider-pro-3-87' ).sliderPro({\r\n\t\t\/\/width\r\n\t\t\t\twidth: 1000,\r\n\t\t\t\t\r\n\t\t\/\/height\r\n\t\t\t\theight: 500,\r\n\t\t\t\t\r\n\t\t\/\/auto play\r\n\t\t\t\tautoplay:  true,\r\n\t\tautoplayOnHover: 'none',\r\n\t\t\t\t\t\t\t\tautoplayDelay: 3000,\r\n\t\t\r\n\t\t\r\n\t\tarrows: true,\r\n\t\tbuttons: true,\r\n\t\tsmallSize: 500,\r\n\t\tmediumSize: 1000,\r\n\t\tlargeSize: 3000,\r\n\t\tfade: true,\r\n\t\t\r\n\t\t\/\/thumbnail\r\n\t\tthumbnailArrows: true,\r\n\t\tthumbnailWidth: 120,\r\n\t\tthumbnailHeight: 120,\r\n\t\t\t\t\t\tthumbnailsPosition: 'bottom',\r\n\t\t\t\t\t\tcenterImage: true,\r\n\t\timageScaleMode: 'cover',\r\n\t\tallowScaleUp: true,\r\n\t\t\t\tstartSlide: 0,\r\n\t\tloop: true,\r\n\t\tslideDistance: 5,\r\n\t\tautoplayDirection: 'normal',\r\n\t\ttouchSwipe: true,\r\n\t\tfullScreen: true,\r\n\t});\r\n});\r\n<\/script>\r\n<style>\r\n\/* Layout 3 *\/\r\n\/* border *\/\r\n#slider-pro-3-87 .sp-selected-thumbnail {\r\n\tborder: 4px solid #000000;\r\n}\r\n\r\n\/* font + color *\/\r\n.title-in  {\r\n\tfont-family: Arial !important;\r\n\tcolor: #FFFFFF !important;\r\n\tbackground-color: #000000 !important;\r\n\topacity: 0.7 !important;\r\n}\r\n.desc-in  {\r\n\tfont-family: Arial !important;\r\n\tcolor: #FFFFFF !important;\r\n\tbackground-color: #00000 !important;\r\n\topacity: 0.7 !important;\r\n}\r\n\r\n\/* bullets color *\/\r\n.sp-button  {\r\n\tborder: 2px solid #000000 !important;\r\n}\r\n.sp-selected-button  {\r\n\tbackground-color: #000000 !important;\r\n}\r\n\r\n\/* pointer color - bottom *\/\r\n.sp-selected-thumbnail::before {\r\n\tborder-bottom: 5px solid #000000 !important;\r\n}\r\n.sp-selected-thumbnail::after {\r\n\tborder-bottom: 13px solid #000000 !important;\r\n}\r\n\r\n\/* pointer color - top *\/\r\n\r\n\/* full screen icon *\/\r\n.sp-full-screen-button::before {\r\n    color: #FFFFFF !important;\r\n}\r\n\r\n\/* hover navigation icon color *\/\r\n.sp-next-arrow::after, .sp-next-arrow::before {\r\n\tbackground-color: #FFFFFF !important;\r\n}\r\n.sp-previous-arrow::after, .sp-previous-arrow::before {\r\n\tbackground-color: #FFFFFF !important;\r\n}\r\n\r\n#slider-pro-3-87 .title-in {\r\n\tcolor: #FFFFFF !important;\r\n\tfont-weight: bolder;\r\n\ttext-align: center;\r\n}\r\n\r\n#slider-pro-3-87 .title-in-bg {\r\n\tbackground: rgba(255, 255, 255, 0.7); !important;\r\n\twhite-space: unset !important;\r\n\tmax-width: 90%;\r\n\tmin-width: 40%;\r\n\ttransform: initial !important;\r\n\t-webkit-transform: initial !important;\r\n\tfont-size: 14px !important;\r\n}\r\n\r\n#slider-pro-3-87 .desc-in {\r\n\tcolor: #FFFFFF !important;\r\n\ttext-align: center;\r\n}\r\n#slider-pro-3-87 .desc-in-bg {\r\n\tbackground: rgba(#00000, 0.7) !important;\r\n\twhite-space: unset !important;\r\n\twidth: 80% !important;\r\n\tmin-width: 30%;\r\n\ttransform: initial !important;\r\n\t-webkit-transform: initial !important;\r\n\tfont-size: 13px !important;\r\n}\r\n\r\n@media (max-width: 640px) {\r\n\t#slider-pro-3-87 .hide-small-screen {\r\n\t\tdisplay: none;\r\n\t}\r\n}\r\n\r\n@media (max-width: 860px) {\r\n\t#slider-pro-3-87 .sp-layer {\r\n\t\tfont-size: 18px;\r\n\t}\r\n\t\r\n\t#slider-pro-3-87 .hide-medium-screen {\r\n\t\tdisplay: none;\r\n\t}\r\n}\r\n.slides-not-found {\r\n\tbackground-color: #a92929;\r\n\tborder-radius: 5px;\r\n\tcolor: #fff;\r\n\tfont-family: initial;\r\n\ttext-align: center;\r\n\tpadding:12px;\r\n}\r\n\/* Custom CSS *\/\r\n<\/style>\r\n<h3 class=\"uris-slider-post-title\"><\/h3>\r\n\t\t<div id=\"slider-pro-3-87\" class=\"slider-pro\">\r\n\t\t\t<!---- slides div start ---->\r\n\t\t\t<div class=\"sp-slides\">\r\n\t\t\t\t\t\t\t\t\t\t<div class=\"sp-slide\">\r\n\t\t\t\t\t\t\t<img decoding=\"async\" class=\"sp-image\" loading=\"lazy\" alt=\"DSC_3339\" src=\"https:\/\/athletisme-sua.fr\/wp-content\/plugins\/ultimate-responsive-image-slider\/assets\/css\/images\/blank.gif\" data-src=\"https:\/\/athletisme-sua.fr\/wp-content\/uploads\/2020\/04\/DSC_3339.jpg\" \/>\r\n\r\n\t\t\t\t\t\t\t\r\n\t\t\t\t\t\t\t\t\t\t\t\t\t<\/div>\r\n\t\t\t\t\t\t\t\t\t\t\t\t<div class=\"sp-slide\">\r\n\t\t\t\t\t\t\t<img decoding=\"async\" class=\"sp-image\" loading=\"lazy\" alt=\"DSC_3333\" src=\"https:\/\/athletisme-sua.fr\/wp-content\/plugins\/ultimate-responsive-image-slider\/assets\/css\/images\/blank.gif\" data-src=\"https:\/\/athletisme-sua.fr\/wp-content\/uploads\/2020\/04\/DSC_3333.jpg\" \/>\r\n\r\n\t\t\t\t\t\t\t\r\n\t\t\t\t\t\t\t\t\t\t\t\t\t<\/div>\r\n\t\t\t\t\t\t\t\t\t\t\t\t<div class=\"sp-slide\">\r\n\t\t\t\t\t\t\t<img decoding=\"async\" class=\"sp-image\" loading=\"lazy\" alt=\"DSC_3324\" src=\"https:\/\/athletisme-sua.fr\/wp-content\/plugins\/ultimate-responsive-image-slider\/assets\/css\/images\/blank.gif\" data-src=\"https:\/\/athletisme-sua.fr\/wp-content\/uploads\/2020\/04\/DSC_3324.jpg\" \/>\r\n\r\n\t\t\t\t\t\t\t\r\n\t\t\t\t\t\t\t\t\t\t\t\t\t<\/div>\r\n\t\t\t\t\t\t\t\t\t\t\t\t<div class=\"sp-slide\">\r\n\t\t\t\t\t\t\t<img decoding=\"async\" class=\"sp-image\" loading=\"lazy\" alt=\"DSC_2582\" src=\"https:\/\/athletisme-sua.fr\/wp-content\/plugins\/ultimate-responsive-image-slider\/assets\/css\/images\/blank.gif\" data-src=\"https:\/\/athletisme-sua.fr\/wp-content\/uploads\/2020\/04\/DSC_2582-scaled.jpg\" \/>\r\n\r\n\t\t\t\t\t\t\t\r\n\t\t\t\t\t\t\t\t\t\t\t\t\t<\/div>\r\n\t\t\t\t\t\t\t\t\t\t\t\t<div class=\"sp-slide\">\r\n\t\t\t\t\t\t\t<img decoding=\"async\" class=\"sp-image\" loading=\"lazy\" alt=\"DSC_2312\" src=\"https:\/\/athletisme-sua.fr\/wp-content\/plugins\/ultimate-responsive-image-slider\/assets\/css\/images\/blank.gif\" data-src=\"https:\/\/athletisme-sua.fr\/wp-content\/uploads\/2020\/04\/DSC_2312.jpg\" \/>\r\n\r\n\t\t\t\t\t\t\t\r\n\t\t\t\t\t\t\t\t\t\t\t\t\t<\/div>\r\n\t\t\t\t\t\t\t\t\t\t\t\t<div class=\"sp-slide\">\r\n\t\t\t\t\t\t\t<img decoding=\"async\" class=\"sp-image\" loading=\"lazy\" alt=\"DSC_2299\" src=\"https:\/\/athletisme-sua.fr\/wp-content\/plugins\/ultimate-responsive-image-slider\/assets\/css\/images\/blank.gif\" data-src=\"https:\/\/athletisme-sua.fr\/wp-content\/uploads\/2020\/04\/DSC_2299.jpg\" \/>\r\n\r\n\t\t\t\t\t\t\t\r\n\t\t\t\t\t\t\t\t\t\t\t\t\t<\/div>\r\n\t\t\t\t\t\t\t\t\t\t\t\t<div class=\"sp-slide\">\r\n\t\t\t\t\t\t\t<img decoding=\"async\" class=\"sp-image\" loading=\"lazy\" alt=\"DSC_2292\" src=\"https:\/\/athletisme-sua.fr\/wp-content\/plugins\/ultimate-responsive-image-slider\/assets\/css\/images\/blank.gif\" data-src=\"https:\/\/athletisme-sua.fr\/wp-content\/uploads\/2020\/04\/DSC_2292.jpg\" \/>\r\n\r\n\t\t\t\t\t\t\t\r\n\t\t\t\t\t\t\t\t\t\t\t\t\t<\/div>\r\n\t\t\t\t\t\t\t\t\t\t\t\t<div class=\"sp-slide\">\r\n\t\t\t\t\t\t\t<img decoding=\"async\" class=\"sp-image\" loading=\"lazy\" alt=\"29366270_2031467220213929_7264964707629400064_o\" src=\"https:\/\/athletisme-sua.fr\/wp-content\/plugins\/ultimate-responsive-image-slider\/assets\/css\/images\/blank.gif\" data-src=\"https:\/\/athletisme-sua.fr\/wp-content\/uploads\/2020\/04\/29366270_2031467220213929_7264964707629400064_o.jpg\" \/>\r\n\r\n\t\t\t\t\t\t\t\r\n\t\t\t\t\t\t\t\t\t\t\t\t\t<\/div>\r\n\t\t\t\t\t\t\t\t\t\t\t\t<div class=\"sp-slide\">\r\n\t\t\t\t\t\t\t<img decoding=\"async\" class=\"sp-image\" loading=\"lazy\" alt=\"18891707_1437928999628089_4742904415946430130_o\" src=\"https:\/\/athletisme-sua.fr\/wp-content\/plugins\/ultimate-responsive-image-slider\/assets\/css\/images\/blank.gif\" data-src=\"https:\/\/athletisme-sua.fr\/wp-content\/uploads\/2020\/04\/18891707_1437928999628089_4742904415946430130_o.jpg\" \/>\r\n\r\n\t\t\t\t\t\t\t\r\n\t\t\t\t\t\t\t\t\t\t\t\t\t<\/div>\r\n\t\t\t\t\t\t\t\t\t\t\t\t<div class=\"sp-slide\">\r\n\t\t\t\t\t\t\t<img decoding=\"async\" class=\"sp-image\" loading=\"lazy\" alt=\"OLYMPUS DIGITAL CAMERA\" src=\"https:\/\/athletisme-sua.fr\/wp-content\/plugins\/ultimate-responsive-image-slider\/assets\/css\/images\/blank.gif\" data-src=\"https:\/\/athletisme-sua.fr\/wp-content\/uploads\/2020\/04\/00010207-1-scaled.jpg\" \/>\r\n\r\n\t\t\t\t\t\t\t\r\n\t\t\t\t\t\t\t\t\t\t\t\t\t<\/div>\r\n\t\t\t\t\t\t\t\t\t\t\t\t<div class=\"sp-slide\">\r\n\t\t\t\t\t\t\t<img decoding=\"async\" class=\"sp-image\" loading=\"lazy\" alt=\"75278363_2618931064861204_5450563538735071232_o\" src=\"https:\/\/athletisme-sua.fr\/wp-content\/plugins\/ultimate-responsive-image-slider\/assets\/css\/images\/blank.gif\" data-src=\"https:\/\/athletisme-sua.fr\/wp-content\/uploads\/2021\/02\/75278363_2618931064861204_5450563538735071232_o.jpg\" \/>\r\n\r\n\t\t\t\t\t\t\t\r\n\t\t\t\t\t\t\t\t\t\t\t\t\t<\/div>\r\n\t\t\t\t\t\t\t\t\t\t\t\t<div class=\"sp-slide\">\r\n\t\t\t\t\t\t\t<img decoding=\"async\" class=\"sp-image\" loading=\"lazy\" alt=\"70297919_2514594888628156_71849442742894592_o\" src=\"https:\/\/athletisme-sua.fr\/wp-content\/plugins\/ultimate-responsive-image-slider\/assets\/css\/images\/blank.gif\" data-src=\"https:\/\/athletisme-sua.fr\/wp-content\/uploads\/2021\/02\/70297919_2514594888628156_71849442742894592_o.jpg\" \/>\r\n\r\n\t\t\t\t\t\t\t\r\n\t\t\t\t\t\t\t\t\t\t\t\t\t<\/div>\r\n\t\t\t\t\t\t\t\t\t\t\t\t<div class=\"sp-slide\">\r\n\t\t\t\t\t\t\t<img decoding=\"async\" class=\"sp-image\" loading=\"lazy\" alt=\"75497634_2621508467936797_6871906240050495488_n\" src=\"https:\/\/athletisme-sua.fr\/wp-content\/plugins\/ultimate-responsive-image-slider\/assets\/css\/images\/blank.gif\" data-src=\"https:\/\/athletisme-sua.fr\/wp-content\/uploads\/2021\/02\/75497634_2621508467936797_6871906240050495488_n.jpg\" \/>\r\n\r\n\t\t\t\t\t\t\t\r\n\t\t\t\t\t\t\t\t\t\t\t\t\t<\/div>\r\n\t\t\t\t\t\t\t\t\t<\/div>\r\n\t\t\t\r\n\t\t\t<!---- slides div end ---->\r\n\t\t\t\t\t\t<!-- slides thumbnails div start -->\r\n\t\t\t<div class=\"sp-thumbnails\">\r\n\t\t\t\t\t\t\t\t\t\t<img decoding=\"async\" class=\"sp-thumbnail\" loading=\"lazy\" src=\"https:\/\/athletisme-sua.fr\/wp-content\/plugins\/ultimate-responsive-image-slider\/assets\/img\/loading.gif\" data-src=\"https:\/\/athletisme-sua.fr\/wp-content\/uploads\/2020\/04\/DSC_3339-300x200.jpg\" alt=\"DSC_3339\"\/>\r\n\t\t\t\t\t\t\t\t\t\t\t<img decoding=\"async\" class=\"sp-thumbnail\" loading=\"lazy\" src=\"https:\/\/athletisme-sua.fr\/wp-content\/plugins\/ultimate-responsive-image-slider\/assets\/img\/loading.gif\" data-src=\"https:\/\/athletisme-sua.fr\/wp-content\/uploads\/2020\/04\/DSC_3333-300x200.jpg\" alt=\"DSC_3333\"\/>\r\n\t\t\t\t\t\t\t\t\t\t\t<img decoding=\"async\" class=\"sp-thumbnail\" loading=\"lazy\" src=\"https:\/\/athletisme-sua.fr\/wp-content\/plugins\/ultimate-responsive-image-slider\/assets\/img\/loading.gif\" data-src=\"https:\/\/athletisme-sua.fr\/wp-content\/uploads\/2020\/04\/DSC_3324-300x200.jpg\" alt=\"DSC_3324\"\/>\r\n\t\t\t\t\t\t\t\t\t\t\t<img decoding=\"async\" class=\"sp-thumbnail\" loading=\"lazy\" src=\"https:\/\/athletisme-sua.fr\/wp-content\/plugins\/ultimate-responsive-image-slider\/assets\/img\/loading.gif\" data-src=\"https:\/\/athletisme-sua.fr\/wp-content\/uploads\/2020\/04\/DSC_2582-300x200.jpg\" alt=\"DSC_2582\"\/>\r\n\t\t\t\t\t\t\t\t\t\t\t<img decoding=\"async\" class=\"sp-thumbnail\" loading=\"lazy\" src=\"https:\/\/athletisme-sua.fr\/wp-content\/plugins\/ultimate-responsive-image-slider\/assets\/img\/loading.gif\" data-src=\"https:\/\/athletisme-sua.fr\/wp-content\/uploads\/2020\/04\/DSC_2312-300x200.jpg\" alt=\"DSC_2312\"\/>\r\n\t\t\t\t\t\t\t\t\t\t\t<img decoding=\"async\" class=\"sp-thumbnail\" loading=\"lazy\" src=\"https:\/\/athletisme-sua.fr\/wp-content\/plugins\/ultimate-responsive-image-slider\/assets\/img\/loading.gif\" data-src=\"https:\/\/athletisme-sua.fr\/wp-content\/uploads\/2020\/04\/DSC_2299-300x200.jpg\" alt=\"DSC_2299\"\/>\r\n\t\t\t\t\t\t\t\t\t\t\t<img decoding=\"async\" class=\"sp-thumbnail\" loading=\"lazy\" src=\"https:\/\/athletisme-sua.fr\/wp-content\/plugins\/ultimate-responsive-image-slider\/assets\/img\/loading.gif\" data-src=\"https:\/\/athletisme-sua.fr\/wp-content\/uploads\/2020\/04\/DSC_2292-300x200.jpg\" alt=\"DSC_2292\"\/>\r\n\t\t\t\t\t\t\t\t\t\t\t<img decoding=\"async\" class=\"sp-thumbnail\" loading=\"lazy\" src=\"https:\/\/athletisme-sua.fr\/wp-content\/plugins\/ultimate-responsive-image-slider\/assets\/img\/loading.gif\" data-src=\"https:\/\/athletisme-sua.fr\/wp-content\/uploads\/2020\/04\/29366270_2031467220213929_7264964707629400064_o-300x200.jpg\" alt=\"29366270_2031467220213929_7264964707629400064_o\"\/>\r\n\t\t\t\t\t\t\t\t\t\t\t<img decoding=\"async\" class=\"sp-thumbnail\" loading=\"lazy\" src=\"https:\/\/athletisme-sua.fr\/wp-content\/plugins\/ultimate-responsive-image-slider\/assets\/img\/loading.gif\" data-src=\"https:\/\/athletisme-sua.fr\/wp-content\/uploads\/2020\/04\/18891707_1437928999628089_4742904415946430130_o-300x200.jpg\" alt=\"18891707_1437928999628089_4742904415946430130_o\"\/>\r\n\t\t\t\t\t\t\t\t\t\t\t<img decoding=\"async\" class=\"sp-thumbnail\" loading=\"lazy\" src=\"https:\/\/athletisme-sua.fr\/wp-content\/plugins\/ultimate-responsive-image-slider\/assets\/img\/loading.gif\" data-src=\"https:\/\/athletisme-sua.fr\/wp-content\/uploads\/2020\/04\/00010207-1-300x225.jpg\" alt=\"OLYMPUS DIGITAL CAMERA\"\/>\r\n\t\t\t\t\t\t\t\t\t\t\t<img decoding=\"async\" class=\"sp-thumbnail\" loading=\"lazy\" src=\"https:\/\/athletisme-sua.fr\/wp-content\/plugins\/ultimate-responsive-image-slider\/assets\/img\/loading.gif\" data-src=\"https:\/\/athletisme-sua.fr\/wp-content\/uploads\/2021\/02\/75278363_2618931064861204_5450563538735071232_o-300x200.jpg\" alt=\"75278363_2618931064861204_5450563538735071232_o\"\/>\r\n\t\t\t\t\t\t\t\t\t\t\t<img decoding=\"async\" class=\"sp-thumbnail\" loading=\"lazy\" src=\"https:\/\/athletisme-sua.fr\/wp-content\/plugins\/ultimate-responsive-image-slider\/assets\/img\/loading.gif\" data-src=\"https:\/\/athletisme-sua.fr\/wp-content\/uploads\/2021\/02\/70297919_2514594888628156_71849442742894592_o-300x200.jpg\" alt=\"70297919_2514594888628156_71849442742894592_o\"\/>\r\n\t\t\t\t\t\t\t\t\t\t\t<img decoding=\"async\" class=\"sp-thumbnail\" loading=\"lazy\" src=\"https:\/\/athletisme-sua.fr\/wp-content\/plugins\/ultimate-responsive-image-slider\/assets\/img\/loading.gif\" data-src=\"https:\/\/athletisme-sua.fr\/wp-content\/uploads\/2021\/02\/75497634_2621508467936797_6871906240050495488_n-300x225.jpg\" alt=\"75497634_2621508467936797_6871906240050495488_n\"\/>\r\n\t\t\t\t\t\t\t\t<\/div>\r\n\t\t\t\t\t\t<!-- slides thumbnails div end -->\r\n\t\t<\/div>\r\n\n\n\n\n<h3 class=\"wp-block-heading\"><br><br><em>\u00ab\u00a0Paris 2024, nous, on veut de beaux champions\u00a0\u00bb<\/em><\/h3>\n\n\n\n<p>Depuis plusieurs ann\u00e9es, le coll\u00e8ge Saint-Foy d\u2019Agen, aujourd\u2019hui nomm\u00e9 Institution Ad\u00e8le-de-Trenquell\u00e9on, s\u2019implique dans des actions p\u00e9dagogiques li\u00e9es \u00e0 la pr\u00e9vention du dopage dans le sport. Au c\u0153ur de cette aventure, Christine Pezet-Gonnet (professeure d\u2019EPS) mobilise les jeunes, leurs parents, les f\u00e9d\u00e9rations sportives, les instances r\u00e9gionales voire nationales pour monter des projets innovants, valorisant un sport vierge de toute tricherie, sain au sens plein du terme.<\/p>\n\n\n\n<p>Cette ann\u00e9e, Christine Pezet-Gonnet, et bien d\u2019autres encore, marque un grand coup en proposant un superbe clip vid\u00e9o dans lequel les jeunes Agenais chantent \u00ab Paris 2024, nous, on veut de beaux champions \u00bb. Le r\u00e9sultat de ce travail est remarquable, et de grands athl\u00e8tes (St\u00e9phane Diagana, Yohan Diniz\u2026) se sont impliqu\u00e9s dans ce petit film aux grandes vertus. Tony Estanguet, l\u2019un de nos plus fameux champions, aujourd\u2019hui pr\u00e9sident du comit\u00e9 d\u2019organisation des Jeux olympiques de Paris 2024, a \u00e9t\u00e9 emball\u00e9 par ce projet, et prend \u00e9galement la parole dans cette vid\u00e9o. Couronnant le tout, la ministre des Sports Roxana Maracineanu apporte sa contribution \u00e0 ce clip de pr\u00e9vention, en d\u00e9livrant son message de conclusion.<\/p>\n\n\n\n<figure class=\"wp-block-video\"><video controls poster=\"http:\/\/athletisme-sua.fr\/wp-content\/uploads\/2020\/04\/image.png\" src=\"http:\/\/athletisme-sua.fr\/wp-content\/uploads\/2020\/04\/JO-2024-ce-clip-antidopage-de-jeunes-Agenais-qui-a-emball\u00e9-j-bis.mp4\"><\/video><figcaption class=\"wp-element-caption\"><em>\u00ab\u00a0Paris 2024, nous, on veut de beaux champions\u00a0\u00bb par les \u00e9l\u00e8ves de l&rsquo;Institution Ad\u00e8le-de-Trenquell\u00e9on<\/em> <br><br><\/figcaption><\/figure>\n","protected":false},"excerpt":{"rendered":"<p>Quelques photos d&rsquo;entra\u00eenements\/comp\u00e9titions \u00ab\u00a0Paris 2024, nous, on veut de beaux champions\u00a0\u00bb Depuis plusieurs ann\u00e9es, le coll\u00e8ge Saint-Foy d\u2019Agen, aujourd\u2019hui nomm\u00e9 Institution Ad\u00e8le-de-Trenquell\u00e9on, s\u2019implique dans des actions p\u00e9dagogiques li\u00e9es \u00e0 la pr\u00e9vention du dopage dans le sport. Au c\u0153ur de cette aventure, Christine Pezet-Gonnet (professeure d\u2019EPS) mobilise les jeunes, leurs parents, les f\u00e9d\u00e9rations sportives, les instances&hellip; <br \/> <a class=\"read-more\" href=\"https:\/\/athletisme-sua.fr\/?p=87\">Lire la suite<\/a><\/p>\n","protected":false},"author":1,"featured_media":0,"parent":0,"menu_order":3,"comment_status":"closed","ping_status":"closed","template":"","meta":{"footnotes":""},"class_list":["post-46","page","type-page","status-publish","hentry"],"yoast_head":"<!-- This site is optimized with the Yoast SEO plugin v23.7 - https:\/\/yoast.com\/wordpress\/plugins\/seo\/ -->\n<title>Gallerie Photos\/Vid\u00e9os - SUA Athletisme<\/title>\n<meta name=\"robots\" content=\"index, follow, max-snippet:-1, max-image-preview:large, max-video-preview:-1\" \/>\n<link rel=\"canonical\" href=\"https:\/\/athletisme-sua.fr\/?page_id=46\" \/>\n<meta property=\"og:locale\" content=\"fr_FR\" \/>\n<meta property=\"og:type\" content=\"article\" \/>\n<meta property=\"og:title\" content=\"Gallerie Photos\/Vid\u00e9os - SUA Athletisme\" \/>\n<meta property=\"og:description\" content=\"Quelques photos d&rsquo;entra\u00eenements\/comp\u00e9titions \u00ab\u00a0Paris 2024, nous, on veut de beaux champions\u00a0\u00bb Depuis plusieurs ann\u00e9es, le coll\u00e8ge Saint-Foy d\u2019Agen, aujourd\u2019hui nomm\u00e9 Institution Ad\u00e8le-de-Trenquell\u00e9on, s\u2019implique dans des actions p\u00e9dagogiques li\u00e9es \u00e0 la pr\u00e9vention du dopage dans le sport. Au c\u0153ur de cette aventure, Christine Pezet-Gonnet (professeure d\u2019EPS) mobilise les jeunes, leurs parents, les f\u00e9d\u00e9rations sportives, les instances&hellip; Lire la suite\" \/>\n<meta property=\"og:url\" content=\"https:\/\/athletisme-sua.fr\/?page_id=46\" \/>\n<meta property=\"og:site_name\" content=\"SUA Athletisme\" \/>\n<meta property=\"article:modified_time\" content=\"2023-11-29T20:31:21+00:00\" \/>\n<meta name=\"twitter:card\" content=\"summary_large_image\" \/>\n<meta name=\"twitter:label1\" content=\"Dur\u00e9e de lecture estim\u00e9e\" \/>\n\t<meta name=\"twitter:data1\" content=\"1 minute\" \/>\n<script type=\"application\/ld+json\" class=\"yoast-schema-graph\">{\"@context\":\"https:\/\/schema.org\",\"@graph\":[{\"@type\":\"WebPage\",\"@id\":\"https:\/\/athletisme-sua.fr\/?page_id=46\",\"url\":\"https:\/\/athletisme-sua.fr\/?page_id=46\",\"name\":\"Gallerie Photos\/Vid\u00e9os - SUA Athletisme\",\"isPartOf\":{\"@id\":\"https:\/\/athletisme-sua.fr\/#website\"},\"datePublished\":\"2020-04-15T09:05:48+00:00\",\"dateModified\":\"2023-11-29T20:31:21+00:00\",\"breadcrumb\":{\"@id\":\"https:\/\/athletisme-sua.fr\/?page_id=46#breadcrumb\"},\"inLanguage\":\"fr-FR\",\"potentialAction\":[{\"@type\":\"ReadAction\",\"target\":[\"https:\/\/athletisme-sua.fr\/?page_id=46\"]}]},{\"@type\":\"BreadcrumbList\",\"@id\":\"https:\/\/athletisme-sua.fr\/?page_id=46#breadcrumb\",\"itemListElement\":[{\"@type\":\"ListItem\",\"position\":1,\"name\":\"Accueil\",\"item\":\"https:\/\/athletisme-sua.fr\/\"},{\"@type\":\"ListItem\",\"position\":2,\"name\":\"Gallerie Photos\/Vid\u00e9os\"}]},{\"@type\":\"WebSite\",\"@id\":\"https:\/\/athletisme-sua.fr\/#website\",\"url\":\"https:\/\/athletisme-sua.fr\/\",\"name\":\"SUA Athletisme\",\"description\":\"Des plus petits aux plus grands, du loisir au comp\u00e9titeur, le SUA vous accueille au Stade Rabal \u00e0 Agen.\",\"publisher\":{\"@id\":\"https:\/\/athletisme-sua.fr\/#organization\"},\"potentialAction\":[{\"@type\":\"SearchAction\",\"target\":{\"@type\":\"EntryPoint\",\"urlTemplate\":\"https:\/\/athletisme-sua.fr\/?s={search_term_string}\"},\"query-input\":{\"@type\":\"PropertyValueSpecification\",\"valueRequired\":true,\"valueName\":\"search_term_string\"}}],\"inLanguage\":\"fr-FR\"},{\"@type\":\"Organization\",\"@id\":\"https:\/\/athletisme-sua.fr\/#organization\",\"name\":\"SUA Athl\u00e9tisme\",\"url\":\"https:\/\/athletisme-sua.fr\/\",\"logo\":{\"@type\":\"ImageObject\",\"inLanguage\":\"fr-FR\",\"@id\":\"https:\/\/athletisme-sua.fr\/#\/schema\/logo\/image\/\",\"url\":\"http:\/\/athletisme-sua.fr\/wp-content\/uploads\/2020\/04\/SUA-Athletisme_Logo-1.png\",\"contentUrl\":\"http:\/\/athletisme-sua.fr\/wp-content\/uploads\/2020\/04\/SUA-Athletisme_Logo-1.png\",\"width\":145,\"height\":145,\"caption\":\"SUA Athl\u00e9tisme\"},\"image\":{\"@id\":\"https:\/\/athletisme-sua.fr\/#\/schema\/logo\/image\/\"}}]}<\/script>\n<!-- \/ Yoast SEO plugin. -->","yoast_head_json":{"title":"Gallerie Photos\/Vid\u00e9os - SUA Athletisme","robots":{"index":"index","follow":"follow","max-snippet":"max-snippet:-1","max-image-preview":"max-image-preview:large","max-video-preview":"max-video-preview:-1"},"canonical":"https:\/\/athletisme-sua.fr\/?page_id=46","og_locale":"fr_FR","og_type":"article","og_title":"Gallerie Photos\/Vid\u00e9os - SUA Athletisme","og_description":"Quelques photos d&rsquo;entra\u00eenements\/comp\u00e9titions \u00ab\u00a0Paris 2024, nous, on veut de beaux champions\u00a0\u00bb Depuis plusieurs ann\u00e9es, le coll\u00e8ge Saint-Foy d\u2019Agen, aujourd\u2019hui nomm\u00e9 Institution Ad\u00e8le-de-Trenquell\u00e9on, s\u2019implique dans des actions p\u00e9dagogiques li\u00e9es \u00e0 la pr\u00e9vention du dopage dans le sport. Au c\u0153ur de cette aventure, Christine Pezet-Gonnet (professeure d\u2019EPS) mobilise les jeunes, leurs parents, les f\u00e9d\u00e9rations sportives, les instances&hellip; Lire la suite","og_url":"https:\/\/athletisme-sua.fr\/?page_id=46","og_site_name":"SUA Athletisme","article_modified_time":"2023-11-29T20:31:21+00:00","twitter_card":"summary_large_image","twitter_misc":{"Dur\u00e9e de lecture estim\u00e9e":"1 minute"},"schema":{"@context":"https:\/\/schema.org","@graph":[{"@type":"WebPage","@id":"https:\/\/athletisme-sua.fr\/?page_id=46","url":"https:\/\/athletisme-sua.fr\/?page_id=46","name":"Gallerie Photos\/Vid\u00e9os - SUA Athletisme","isPartOf":{"@id":"https:\/\/athletisme-sua.fr\/#website"},"datePublished":"2020-04-15T09:05:48+00:00","dateModified":"2023-11-29T20:31:21+00:00","breadcrumb":{"@id":"https:\/\/athletisme-sua.fr\/?page_id=46#breadcrumb"},"inLanguage":"fr-FR","potentialAction":[{"@type":"ReadAction","target":["https:\/\/athletisme-sua.fr\/?page_id=46"]}]},{"@type":"BreadcrumbList","@id":"https:\/\/athletisme-sua.fr\/?page_id=46#breadcrumb","itemListElement":[{"@type":"ListItem","position":1,"name":"Accueil","item":"https:\/\/athletisme-sua.fr\/"},{"@type":"ListItem","position":2,"name":"Gallerie Photos\/Vid\u00e9os"}]},{"@type":"WebSite","@id":"https:\/\/athletisme-sua.fr\/#website","url":"https:\/\/athletisme-sua.fr\/","name":"SUA Athletisme","description":"Des plus petits aux plus grands, du loisir au comp\u00e9titeur, le SUA vous accueille au Stade Rabal \u00e0 Agen.","publisher":{"@id":"https:\/\/athletisme-sua.fr\/#organization"},"potentialAction":[{"@type":"SearchAction","target":{"@type":"EntryPoint","urlTemplate":"https:\/\/athletisme-sua.fr\/?s={search_term_string}"},"query-input":{"@type":"PropertyValueSpecification","valueRequired":true,"valueName":"search_term_string"}}],"inLanguage":"fr-FR"},{"@type":"Organization","@id":"https:\/\/athletisme-sua.fr\/#organization","name":"SUA Athl\u00e9tisme","url":"https:\/\/athletisme-sua.fr\/","logo":{"@type":"ImageObject","inLanguage":"fr-FR","@id":"https:\/\/athletisme-sua.fr\/#\/schema\/logo\/image\/","url":"http:\/\/athletisme-sua.fr\/wp-content\/uploads\/2020\/04\/SUA-Athletisme_Logo-1.png","contentUrl":"http:\/\/athletisme-sua.fr\/wp-content\/uploads\/2020\/04\/SUA-Athletisme_Logo-1.png","width":145,"height":145,"caption":"SUA Athl\u00e9tisme"},"image":{"@id":"https:\/\/athletisme-sua.fr\/#\/schema\/logo\/image\/"}}]}},"uagb_featured_image_src":{"full":false,"thumbnail":false,"medium":false,"medium_large":false,"large":false,"rpg_gallery_admin_thumb":false,"rpg_gallery_thumb":false,"1536x1536":false,"2048x2048":false,"post-thumbnail":false,"mesmerize-full-hd":false},"uagb_author_info":{"display_name":"admin8842","author_link":"https:\/\/athletisme-sua.fr\/?author=1"},"uagb_comment_info":0,"uagb_excerpt":"Quelques photos d&rsquo;entra\u00eenements\/comp\u00e9titions \u00ab\u00a0Paris 2024, nous, on veut de beaux champions\u00a0\u00bb Depuis plusieurs ann\u00e9es, le coll\u00e8ge Saint-Foy d\u2019Agen, aujourd\u2019hui nomm\u00e9 Institution Ad\u00e8le-de-Trenquell\u00e9on, s\u2019implique dans des actions p\u00e9dagogiques li\u00e9es \u00e0 la pr\u00e9vention du dopage dans le sport. Au c\u0153ur de cette aventure, Christine Pezet-Gonnet (professeure d\u2019EPS) mobilise les jeunes, leurs parents, les f\u00e9d\u00e9rations sportives, les instances&hellip;\u2026","_links":{"self":[{"href":"https:\/\/athletisme-sua.fr\/index.php?rest_route=\/wp\/v2\/pages\/46"}],"collection":[{"href":"https:\/\/athletisme-sua.fr\/index.php?rest_route=\/wp\/v2\/pages"}],"about":[{"href":"https:\/\/athletisme-sua.fr\/index.php?rest_route=\/wp\/v2\/types\/page"}],"author":[{"embeddable":true,"href":"https:\/\/athletisme-sua.fr\/index.php?rest_route=\/wp\/v2\/users\/1"}],"replies":[{"embeddable":true,"href":"https:\/\/athletisme-sua.fr\/index.php?rest_route=%2Fwp%2Fv2%2Fcomments&post=46"}],"version-history":[{"count":13,"href":"https:\/\/athletisme-sua.fr\/index.php?rest_route=\/wp\/v2\/pages\/46\/revisions"}],"predecessor-version":[{"id":812,"href":"https:\/\/athletisme-sua.fr\/index.php?rest_route=\/wp\/v2\/pages\/46\/revisions\/812"}],"wp:attachment":[{"href":"https:\/\/athletisme-sua.fr\/index.php?rest_route=%2Fwp%2Fv2%2Fmedia&parent=46"}],"curies":[{"name":"wp","href":"https:\/\/api.w.org\/{rel}","templated":true}]}}